it of (-2)/2 + 3 + d?
8
Suppose 0 = 5*b - b - 76. What is the units digit of b?
9
Suppose -u + l = -2*u - 6, 30 = -5*u - 3*l. Let y(a) = -a - 2. Let j be y(u). Suppose 0*v = -j*n + v + 47, 5*v + 19 = 2*n. What is the tens digit of n?
1
Suppose -3 = -i + 13. What is the units digit of i?
6
Suppose 10*c = -c + 1738. What is the units digit of c?
8
Let u(q) = -q**3 - 6*q**2 - 2. Let g be u(-6). Let b = 2 + g. Suppose 3*a - 4*h - 3 = -b, 0 = 4*a + 3*h - 4. What is the units digit of a?
1
Let z(y) = y**2 + y - 1. Let c(a) = -7*a**2 - 7*a + 7. Let x(n) = -c(n) - 6*z(n). Suppose -5*p + 24 = 9, -4*h + 16 = 4*p. What is the units digit of x(h)?
1
Suppose -183 + 1317 = 7*b. What is the units digit of b?
2
Let x be 2/((7/(-12))/(-7)). Let b = x + -11. What is the tens digit of b?
1
Let w(t) = -t**2 - 5*t - 3. Let j be w(-3). Suppose 3 - 18 = -j*i. What is the units digit of i?
5
Let a(t) = -3*t**2 + 6 + 13*t - 3*t**2 + 5*t**2 - 4. What is the tens digit of a(12)?
1
Let r = 4 + -4. Suppose r = -g - g + 66. What is the tens digit of g?
3
Let t be (-3)/5 + (-13)/(-5). Suppose 0 = t*w + w + 60. What is the units digit of (-2)/8 + (-65)/w?
3
Let o = -25 - -76. What is the units digit of o?
1
Let q = 117 - -18. Suppose 0 = -3*n, -6*h + h = -3*n + q. Let z = -17 - h. What is the tens digit of z?
1
Suppose 2*j + n = 73, -2*n = -3*j - 7*n + 113. What is the tens digit of j?
3
Suppose -c + 17 = r, 0 = c - 0*c + 2*r - 20. Suppose -5*g + 1 = -c. What is the units digit of 0 - 1*g*-3?
9
Suppose y + 4*n = 34, -n + 2 = -3. What is the units digit of y?
4
Let d = -6 - -4. What is the tens digit of ((-225)/(-20))/(d/(-8))?
4
Let o be (-1)/(15/7 + -2). Let p = -4 - o. Suppose 0 = 2*x + p*x - 15. What is the units digit of x?
3
Let w(u) = 2*u**2 - 30*u + 44. What is the tens digit of w(19)?
9
Suppose -12 = -4*h + 4. Let k = 11 - h. What is the units digit of k?
7
Suppose 5*k - 5 - 210 = 5*l, 0 = -k - 5*l + 31. Let d = 77 - k. Suppose -d = -n + 5*o, 3*n - 43 = o + o. What is the tens digit of n?
1
Suppose 0*m + 10 = -5*m. Let t = 4 + m. Suppose 0 = 5*v - t - 43. What is the units digit of v?
9
Suppose 4 = l - 2*l. Let o = l - -6. What is the units digit of o?
2
Suppose -3 = -5*n + 6*n. What is the units digit of -3 - (n - (30 - -1))?
1
Suppose 2 = 2*v - 0*v. Let q be v*(-3 + 2) - 5. What is the units digit of (q/5)/(3/(-15))?
6
What is the tens digit of 1 - 6*(-32)/6?
3
Let r be -3 + (-9)/(-4 - -1). Suppose r = f - 32 + 5. What is the units digit of f?
7
Let s = -3 + 1. Let a(f) = f**3 + 2 + 6*f**2 - f - 4*f**2 - 1. What is the units digit of a(s)?
3
Let x(j) = j + 16. Suppose 4*h - 3*b - 17 = 2*h, 5*h = -2*b + 14. Suppose -h = 2*s, d - s + 3 = -5. What is the units digit of x(d)?
6
Let n(g) = g**3 - 7*g**2 - 8*g + 2. What is the units digit of n(8)?
2
Let c(p) = p**2 + p - 1. Let y be c(-3). Suppose 2*b + 33 = y*b. What is the tens digit of b?
1
What is the units digit of 74*((-6)/(-3))/2 + 3?
7
Suppose 5*a - 72 = -7. What is the units digit of a?
3
Suppose 10*l = 8*l + 4. What is the tens digit of (l - 1)/(1/13)?
1
What is the units digit of 8 + (3 - (-3)/(-1))?
8
Let m be (2*-1)/(2/43). What is the units digit of (1 - m)*(-6)/(-8)?
3
Let h be (-4 - 2)*(0 + 1). Let g(w) = -w**3 - 5*w**2 + 3*w + 3. Let l be g(h). What is the units digit of l/(-9)*(-1 + -2)?
7
Suppose 0 = 3*h - 11 - 4. Let u be ((-1)/(-3))/((-5)/(-30)). Suppose -u*r - h = -3*r. What is the units digit of r?
5
Suppose r - 6 = -r. Suppose -r*g + 72 = -0*g. What is the tens digit of g?
2
Let y(i) = i**2 + 4*i + 2. Let r(s) = -2*s**2 - 9*s - 5. Let a(x) = 2*r(x) + 5*y(x). Let q be a(-5). Let n = 21 - q. What is the units digit of n?
6
Let z = 78 + -44. Suppose -2*c + 0*c = -z. What is the units digit of c?
7
Suppose -5*n + 4*i = -73, -2*n + i = -0*i - 31. Suppose -19 = 3*k - 4, -2*d + k + n = 0. What is the units digit of d?
6
Let g be 2/(-2)*6 + 1. Let y = 5 + g. What is the units digit of y/2 - (-13 + -2)?
5
Suppose 0 = 4*s + 4*a - 12 + 44, 2 = 2*s - 4*a. Let r = 7 + s. What is the units digit of r?
2
What is the units digit of (-9527)/(-35) + (-12)/(-15)?
3
Suppose -5*r = -0*r. Suppose r*t = -3*t + 6. Suppose -12 = z - t*z. What is the units digit of z?
2
Let m be 12/20 - 126/10. What is the units digit of (m/6)/(1/(-3))?
6
What is the tens digit of 11*7 + -7 + 8?
7
Let f(l) = -l**2 + 12*l + 12. What is the units digit of f(9)?
9
Let u be 0/((-3)/(5 - 2)). Suppose -39 = -n - 3*v, 3*n + 4*v = -2*n + 140. Suppose 0*q + 4*q - n = u. What is the units digit of q?
6
What is the tens digit of (-217)/(-3) - (-5)/(-15)?
7
Let x = -21 + 42. What is the units digit of x?
1
Let h(j) = 2*j**2 + 5*j + 1. What is the tens digit of h(-5)?
2
Suppose 0 = -3*l - 2*l - 140. Let f = -15 - l. What is the tens digit of f?
1
Suppose 5*k - 1149 = -5*b - 134, k - 197 = -4*b. What is the tens digit of k?
0
Let m(j) = -j**3 + 5*j**3 - j**2 - 5*j**3 - j - j**2. What is the units digit of m(-2)?
2
Suppose -2*a = -40 - 30. What is the units digit of a?
5
Let v(x) = -61*x + 2. What is the tens digit of v(-3)?
8
Let s = -24 - -26. Suppose -2*o - s = 0, 0 = t + 4*t + o - 139. What is the units digit of t?
8
Let q(w) = w**2 - w. Let s be q(3). What is the units digit of 0 - (s/3 + -3)?
1
Suppose -8*o = -10*o + 40. What is the tens digit of o?
2
Suppose -3*x - 39 - 21 = 0. Let i be (-28)/x - (-3)/5. What is the tens digit of (i - 20)*(-6)/6?
1
Let p be 6 - (-1)/(-1 - 0). Suppose 5*i - o - 24 = -6, -5*o + 10 = 0. Let k = i + p. What is the units digit of k?
9
Let u = -46 + 110. Suppose u = 4*y - 0*y. What is the units digit of y?
6
Suppose -3600 = -23*s + 5*s. What is the hundreds digit of s?
2
What is the units digit of 34 + (-4 - -2 - -1)?
3
Let b(j) = j - 12. Let z(h) = h - 13. Let y(k) = -5*b(k) + 4*z(k). Let c be 1/((-4)/8) + 2. What is the units digit of y(c)?
8
Let p be ((-3)/9)/((-1)/6). Suppose p*a = 4 + 2. What is the units digit of a?
3
Let f = 5 - 3. Suppose 12 = f*w + w. Suppose -w*m - 5 + 24 = -3*x, 0 = -2*x - 10. What is the units digit of m?
1
Let n = -6 - -26. Let x = n - 8. What is the units digit of x?
2
Suppose 0 = 4*d - d - 12. Let h(l) = -3*l + 4*l - d - 6*l + 4*l. What is the units digit of h(-5)?
1
Let x(f) = -f**2 - 11*f + 9. Let y be x(-11). Let d = y - -5. What is the units digit of d?
4
Let u = -373 - -620. What is the hundreds digit of u?
2
Let m(w) be the third derivative of -w**5/60 + w**4/4 - w**3/3 - 3*w**2. What is the units digit of m(4)?
6
Let w(o) = -3*o + o**3 + 4*o**2 + 3*o**2 - 9 + 2*o + 3*o. Let x be w(-7). What is the units digit of x/(-5) + 8/20?
5
Suppose 90 = -0*i - 2*i - 2*b, -3*i = 4*b + 137. Suppose -4*v = -18 + 138. Let j = v - i. What is the units digit of j?
3
Let g be 52 - (-12)/(8/(-2)). Let b = 72 - g. What is the tens digit of b?
2
Suppose -2*u = 2*u - 12. Suppose u*c - 52 = -4*k - 8, 4*c - 46 = k. What is the tens digit of c?
1
Let i(o) = o**3 - 11*o**2 + o + 1. Suppose 3*u + 22 = 5*u. What is the units digit of i(u)?
2
Let q(o) = 3*o - 2. Suppose 1 = -x - 5. Let i be q(x). What is the units digit of (3/(-6))/(2/i)?
5
Suppose 5*b - 26 = -6. What is the units digit of b?
4
Suppose -5*b + 24 = b. What is the units digit of b?
4
Let y = 1 + 3. Suppose y*v = -v. What is the units digit of 2 - v/(-2 - -1)?
2
Let a(n) = -13*n**3 - n**2 + 3*n + 3. What is the units digit of a(-1)?
2
Let k = -42 - -44. What is the units digit of k?
2
Suppose -2*n + r + 109 = -0*r, 240 = 5*n + 4*r. Suppose -20 = 2*s - n. What is the tens digit of s?
1
Let a = -36 + 53. Suppose 3 = n - a. What is the tens digit of n?
2
Suppose 122 = c + 2*m + m, 3*c - 346 = -4*m. Let b = c + -67. What is the tens digit of b?
4
Let m(f) = -f - 6. Let a be m(-6). Let v(t) = -t**3 + t**2 + 44. What is the units digit of v(a)?
4
Let k(m) = -m - 5. Let b = 9 + -5. Let u be k(b). What is the units digit of (-6)/u + 16/3?
6
Let q be 1 - -1 - 24/4. Let c = -4 - q. Suppose -y + 0*y + 8 = c. What is the units digit of y?
8
Let g(j) = -12*j**3 + j**2 - j - 1. Suppose -3*n + 3 = 5*l + 8, n - 1 = l. What is the tens digit of g(l)?
1
Let b be (2 - 3)*(-5 + 0). Let g(u) = -u**3 + 5*u**2 + 3*u - 7. What is the units digit of g(b)?
8
Suppose 3*k + 15 = 3*i, -k - 4*i + 13 = -7. Let a be ((-11)/2)/(4/(-8)). Suppose 3*r + 5*n - 14 = -0*n, k = -3*